et s be ((-3)/(-2))/(3/96). Let r be ((3 + -1)*-1)/(-1). Suppose -r*v = -4*q - 5*v + s, 3*q + v = 36. What is the units digit of q?
2
Suppose 2*q - 6 = -q + 2*f, 4*q - f - 3 = 0. Suppose q = -5*m - 0 + 5. Suppose 0 = k + m - 2. What is the units digit of k?
1
Let a be -2 + 32*(-1 - -3). Suppose a = 4*y - 2*y. Suppose -4 + y = 3*h. What is the units digit of h?
9
Suppose 0 = -g - 3*t + 34, g = -0*g + 3*t + 34. What is the units digit of g?
4
Suppose -o = -200 - 3. What is the units digit of o?
3
What is the tens digit of (0 - (-722)/(-3))/((-6)/9)?
6
Let u = 121 + -42. What is the units digit of u?
9
Let n(c) = 5*c**2 - c + 3. Let b(w) = w**2 + 1. Let q(a) = -4*b(a) + n(a). What is the tens digit of q(-3)?
1
Let n(o) = -o**3 - 6*o**2 - 2*o + 19. What is the tens digit of n(-7)?
8
Let q(g) = g**3 - 2*g**2 + 2*g - 4. What is the tens digit of q(3)?
1
Suppose 5*t - 70 - 205 = 0. What is the units digit of t?
5
Suppose -4*o - 5*d = -119 - 28, -o + 23 = 4*d. What is the tens digit of o?
4
Suppose r - 12 = 2*r. Suppose 0 = -2*k - 0*k. What is the units digit of 8/r*(k - 12)?
8
What is the units digit of (-2 - (-7)/2)*(-3388)/(-42)?
1
Suppose -2*m - 6 = f + m, -2*f = -5*m - 10. Suppose f = -5*w + c + 50, -4*c = -w - w + 38. Suppose x = 3*v - 1 - w, 5*x - 5*v = 0. What is the units digit of x?
5
Suppose -5*i - 198 = -2*i. Let f = i - -127. What is the tens digit of f?
6
Suppose 2*d - 2*h + 2 = d, 0 = -2*d + h + 2. What is the units digit of d?
2
Let u = 22 + 2. What is the tens digit of u?
2
Let r(y) = -26*y - 22. What is the units digit of r(-5)?
8
Let w(m) = -2 - 3 - m + 0. Let s be w(-7). Let q = s - 1. What is the units digit of q?
1
Let h be 20/4 + -1 + 1. Suppose -23 = -2*m - h*n, m + 21 = 3*m + 3*n. What is the units digit of m?
9
Let r(s) = s**3 - 11*s**3 + 1 + 0*s**3. What is the units digit of r(-1)?
1
Let u(z) = 2*z**2 + 12*z + 21. What is the tens digit of u(-9)?
7
Suppose -2*l + 60 = 5*b, 0 = 4*l - 3*l + 4*b - 36. Suppose 2*k - 3*c = c + 44, -c - 46 = -3*k. Let i = l - k. What is the units digit of i?
6
Suppose 3*t + z = 295, -31 = -t - 3*z + 70. What is the units digit of t?
8
What is the tens digit of 85 + (-1 - (2 + -4))?
8
Let t(m) = 19*m + 4. Let l be t(-4). Let g = 44 + l. Let w = -18 - g. What is the units digit of w?
0
Let j = -36 + 69. What is the tens digit of j?
3
Let z be (-2 - -5) + (-3)/1. What is the units digit of (-1 + z - 2) + 8?
5
Suppose 19 - 3 = -4*d, -3*d - 26 = -2*a. Let g(c) = -4*c**2 - c + 6*c**2 + 7 + 3 + 5*c**2 - c**3. What is the units digit of g(a)?
3
Let a(d) = -d + 1. Let u be a(5). What is the tens digit of (360/75)/(u/(-30))?
3
Let p = -13 + 4. Let g = p + 7. Let o = g - -12. What is the tens digit of o?
1
What is the tens digit of ((-238)/56)/(14/16 - 1)?
3
Let o(f) = -3*f - 3. Suppose -2*q + 4 = -4*q. Let k be o(q). Suppose 0 = -3*m - 5*c + 28, 5*m = k*c + 2*c + 20. What is the units digit of m?
6
Suppose 2*d = -0 + 12. Let r = d - 8. What is the units digit of 1 - (-10)/(-4)*r?
6
Let x(s) = s**2 - 3*s + 2. Let m = -2 - -4. Let c be x(m). Suppose c*d = 5*d - 45. What is the units digit of d?
9
Let l(r) = 3*r - 3. Let n be l(2). Suppose n*f - 4*f + 11 = 0. What is the tens digit of f?
1
Let s(y) = -y**3 + 5*y**2 + y + 5. What is the units digit of s(4)?
5
Let t = 1 - -5. Suppose 0 = 2*m + 4*y - t, -2*m + 5 = 3*y + 1. What is the units digit of 21/(m + -2)*-1?
7
Let s(g) = 8*g + 1. Let t(l) = -32*l - 5. Let d(x) = 9*s(x) + 2*t(x). What is the units digit of d(2)?
5
Suppose 5*j - 2*l + l - 158 = 0, -154 = -5*j + 3*l. What is the tens digit of j?
3
Suppose -4*n + 13 = -5*q - 35, 5*n - 3*q = 60. Suppose 4*x + 3 - 11 = 0, -3*p = -x + 14. Let w = p + n. What is the units digit of w?
8
Suppose -5*z = -2*w - 471, 3*z - 5*w - 480 = -2*z. What is the tens digit of z?
9
Let b(j) = -1 - j**3 + 2*j - j**2 - 2*j**2 + j**2 + 15*j**3. Suppose 3*i - 10 = t + t, -4*i = -16. What is the units digit of b(t)?
3
Let v(p) = -p**3 + 4*p**2 + 2. Let n be v(3). Suppose n - 56 = -5*o. What is the units digit of o?
9
Suppose 3*n = 5*q + 27, -3*q - 4*n = -5*n + 13. Let o(p) be the first derivative of -p**4/4 - 2*p**3/3 + p**2/2 - 2. What is the units digit of o(q)?
6
Suppose -3*o - 2*f = -107, -f + 83 + 20 = 3*o. What is the tens digit of o?
3
Let o(z) be the second derivative of z**5/20 - z**4/2 + 5*z**3/6 - 3*z**2/2 + z. Let i be o(4). What is the units digit of ((-3)/2)/(i/20)?
2
Let l(v) = 3*v - 1. Let w be l(1). Suppose -w*y = -8*y + 198. What is the units digit of y?
3
Let w(d) = -79*d**3 - 2*d**2 - 2*d - 1. What is the units digit of w(-1)?
8
Suppose -2*u = 5*i - 27 + 1, -3*u - 2*i + 17 = 0. Suppose 0 = 2*s - u*c - 52, 4*s - c - 84 = -0*s. What is the tens digit of s?
2
Let l(n) = n**3 - 7*n**2 + 6*n - 8. Let q be l(6). What is the units digit of (q/6)/(6/(-90))?
0
Let z be (2/(-3))/(2/9). Let j = 1 - z. Suppose 3*r = 6, -j*r + 5*r - 28 = -2*t. What is the units digit of t?
3
Let x(c) = c**3 + 7*c**2 - c - 7. Let q be x(-7). Suppose -5*b - 5 - 5 = 0. Let f = q - b. What is the units digit of f?
2
Let g = 2 - 0. Let k be (10/4)/(1/g). Suppose k*v - 42 = r + 7, 4*r - 14 = -v. What is the tens digit of v?
1
Let y be -1 - (468/3)/(-4). Suppose -4*i + y = -2*i. What is the tens digit of i?
1
Let a be 0 + (1 - 3) - -2. Let u be -2 + a + 1*5. Suppose -o = -3*v - 1, v = u*o - 3 - 0. What is the units digit of o?
1
Suppose 8*p = 166 + 82. What is the tens digit of p?
3
Let u(z) = z**3 - z**2 + 2*z - 2. Suppose 0*n + 6 = 3*n. What is the units digit of u(n)?
6
Let l(f) = 15*f + 1. Let v be -1 + 5 - 12/4. What is the tens digit of l(v)?
1
Let d = 579 - 359. What is the tens digit of d?
2
Suppose 5*k + 3*q = 53 + 92, 3*q = k - 29. What is the units digit of k?
9
Let t = -14 - -17. What is the units digit of t?
3
Let a = -5 - -3. What is the units digit of (7/(-7))/(a/14)?
7
Suppose -3*k - 36 = k. Let v(o) = -o**2 - 5*o - 9. Let b be v(-3). Let p = b - k. What is the units digit of p?
6
Suppose 3*j - 2*j - 1 = 0. Let c be 2 - ((-9)/3)/j. Suppose 2*b - c*b + 42 = 0. What is the tens digit of b?
1
Let z be (-2)/(-6) - 123/(-9). Suppose -f + 4 = 0, 3*i + 4*f - z = 2*f. What is the units digit of -5*(-3)/6*i?
5
Let t be 2/4*(-218)/1. Let l = t + 53. What is the units digit of l/(-10) + 4/10?
6
Let u(y) = 84*y**2 + 18*y + 4. What is the hundreds digit of u(-2)?
3
Let n = -93 + 105. What is the tens digit of n?
1
Suppose 5*j + 0*s - 24 = -3*s, 3*s = 3*j - 24. Suppose f - j*f = -35. What is the units digit of f?
7
Suppose -2*l + 3*l + 12 = 0. Let d be (-6)/l*(0 + 6). Suppose d*v = 1 + 2. What is the units digit of v?
1
Let p(c) = -c - 2. Let x be p(-7). Let s(l) be the third derivative of l**6/120 - l**5/15 - l**4/12 - 7*l**3/6 + 3*l**2. What is the units digit of s(x)?
8
Let c(v) = -8 + 2 + 1 + 28*v + 4. What is the tens digit of c(1)?
2
Suppose 0 = -3*g + g + 40. What is the tens digit of g?
2
Suppose 32 = -4*d - 24. Let c = d - -24. What is the units digit of c?
0
Suppose 11 = -w + 42. What is the units digit of w?
1
Suppose 4*s = 2*s + 6. Suppose 0 = 3*d + 3*f + s - 12, -d - 2*f = -3. What is the units digit of d?
3
Suppose -3*j = 0, -6*j + 2*j - 73 = -t. What is the units digit of t?
3
Suppose 0 = -0*t + 2*t. Suppose -f - 4*f + 10 = t. What is the units digit of f?
2
Suppose 0 = -6*h + 4*h - 4. What is the units digit of (-3)/(h + (-50)/(-28))?
4
Let s = 26 - 12. Suppose 4*f - 50 = -s. Suppose 4*z + k - f = 0, 3*z + z = -4*k. What is the units digit of z?
3
Let c(m) = 3*m**2 - 1. Let f be c(1). Suppose f*o = -o - 27. Let g = 15 + o. What is the units digit of g?
6
Let a(f) be the second derivative of f**4/12 + f**2/2 - f. What is the units digit of a(-2)?
5
Suppose 0 = m + 2*m - 9. Suppose -m*u = 2*d - 9, -3*u - 3*d = -2*d - 9. What is the units digit of u?
3
Suppose -4*g = 3*p + 4 + 2, -p = g + 1. Suppose 3*j + p*k - 35 = 0, -5*j + 2*k - 4 = -57. What is the tens digit of j?
1
Let t(k) = k**3 + 12*k**2 - 12*k + 19. Let s be t(-13). Suppose -2*z + f = s*f - 21, 55 = 4*z - 3*f. What is the tens digit of z?
1
Suppose 0*n - n = 0, -3*c - n + 57 = 0. Let l = -8 + c. What is the tens digit of l?
1
Let x(n) = n**3 - n**2 - 5. What is the tens digit of x(4)?
4
Let w be (2/4)/(1/26). Suppose -3*l = -2*l - r + 1, 13 = 3*l + r. Suppose -l - w = -4